**2 + 65689*t - 96. What is x(119)?
23
Let h(r) = 1388*r + 295651. Calculate h(-213).
7
Let m(n) = 15*n**2 + 277*n - 6131. What is m(13)?
5
Let b(s) = -27*s**2 - 1897*s + 1405. Determine b(-71).
-15
Let o(w) = -w**3 + 22*w**2 + 677*w - 556. What is o(39)?
-10
Let z(q) = -41*q**2 + 862*q - 4023. Calculate z(14).
9
Let u(d) = -139*d + 13117. Determine u(95).
-88
Let t(x) = -5*x**2 + 12*x + 41. Calculate t(-6).
-211
Let b(n) = 1293*n - 47743. What is b(37)?
98
Let t(p) = -601*p**2 - 603*p + 8. Calculate t(-1).
10
Let n(f) = 5*f**3 + 64*f**2 + 156*f + 2274. Determine n(-13).
77
Let g(d) = -87*d - 6985. Give g(-83).
236
Let k(u) = -u**3 - 208*u**2 - 10356*u + 2382. Give k(-125).
7
Let v(j) = 10503*j + 882412. Give v(-84).
160
Let d(r) = 12*r**3 - 91*r**2 + 12*r + 23. What is d(7)?
-236
Let w(o) = -2097*o + 78900. What is w(38)?
-786
Let a(y) = y**3 + 14*y**2 + 3284*y + 32452. Give a(-10).
12
Let r(i) = 154*i + 12537. Determine r(-82).
-91
Let m(c) = -60*c - 2705. Calculate m(-44).
-65
Let i(d) = d**2 + 12985*d - 181976. Determine i(14).
10
Let a(l) = -2*l**3 + 785*l**2 + 2773*l + 61. Determine a(396).
457
Let x(d) = 1306*d - 671263. Give x(514).
21
Let d(p) = 2290*p + 414483. What is d(-181)?
-7
Let d(n) = -n**3 + 2966*n**2 - 142926*n - 349. Calculate d(49).
-6
Let t(p) = 231*p - 2485. What is t(13)?
518
Let p(h) = 1009*h - 16071. What is p(16)?
73
Let l(q) = -444*q**3 + 50*q**2 + 30*q - 20. Calculate l(-1).
444
Let l(x) = 6*x**2 + 31*x - 718. What is l(10)?
192
Let c(k) = 58*k**2 - 16978*k - 16976. What is c(-1)?
60
Let v(s) = -802*s - 91450. Determine v(-114).
-22
Let m(l) = -l**3 - 16*l**2 + 47*l + 148. Give m(-21).
1366
Let p(v) = v**3 + 431*v**2 + 3*v + 1544. Calculate p(0).
1544
Let b(i) = i**2 - 213*i + 14193. Calculate b(132).
3501
Let a(n) = -119*n + 62. Give a(-10).
1252
Let y(h) = h**3 + 62*h**2 - 195*h - 2908. Determine y(-64).
1380
Let n(o) = 1793*o**2 + 26946*o + 760. What is n(-15)?
-5
Let j(u) = 2*u**2 - 209*u + 2658. Calculate j(90).
48
Let d(q) = 2*q**2 + 8527*q + 118998. Give d(-14).
12
Let m(z) = -2*z**3 - 204*z**2 - 407*z - 521. What is m(-100)?
179
Let n(o) = -407*o**2 - 39*o + 247. Calculate n(2).
-1459
Let n(z) = 30*z**2 - 743*z - 4724. Calculate n(30).
-14
Let x(f) = -2*f**3 + 450*f**2 + 2287*f - 50. Calculate x(-5).
15
Let d(v) = -v**3 + 72*v**2 + 116*v - 3168. Determine d(73).
-29
Let j(b) = 2*b**3 - 98*b**2 - 246*b + 2051. Give j(51).
-91
Let h(b) = -1505*b - 23785. What is h(-16)?
295
Let j(h) = -121427*h - 364262. What is j(-3)?
19
Let q(c) = -89273*c + 125. What is q(0)?
125
Let d(y) = -379*y - 8224. Determine d(-21).
-265
Let m(d) = -3221*d + 116091. Calculate m(36).
135
Let c(i) = -2*i**3 - 365*i**2 - 97*i + 13411. What is c(-182)?
-2059
Let d(a) = 50782*a + 2996142. Determine d(-59).
4
Let z(w) = 17979*w - 17982. What is z(1)?
-3
Let f(d) = 3241*d + 664407. Calculate f(-205).
2
Let c(d) = 273*d**2 - 549*d + 4. Determine c(2).
-2
Let f(m) = 15*m - 155. What is f(87)?
1150
Let m(g) = 15*g**3 + 3*g**2 - 23*g - 30. Calculate m(-2).
-92
Let u(g) = -3*g**3 - 375*g**2 - 1658*g + 17058. Calculate u(-120).
18
Let i(w) = 3036*w + 516103. Give i(-170).
-17
Let r(v) = -8596*v + 180576. Give r(21).
60
Let d(w) = 4*w**2 - 639*w - 333. Give d(156).
-2673
Let w(l) = l**2 - 5774*l + 23081. Give w(4).
1
Let c(v) = v**2 - 138*v - 6142. Calculate c(-29).
-1299
Let d(k) = 119336*k - 716037. Give d(6).
-21
Let l(b) = -23736*b + 154. Determine l(0).
154
Let c(m) = -2*m**2 + 3758*m - 66980. What is c(18)?
16
Let v(h) = -h**3 + 114*h**2 + 2385*h - 1013. Determine v(132).
175
Let r(k) = k**2 + 2208*k - 60319. Determine r(27).
26
Let b(o) = -o**3 + 69*o**2 + 454*o - 32. Calculate b(-6).
-56
Let r(z) = -3007*z + 9945. Give r(3).
924
Let o(c) = -46*c**2 - 229*c - 38. Calculate o(-6).
-320
Let w(r) = 1102*r**3 + 4*r**2 - 322*r + 319. What is w(1)?
1103
Let n(i) = -2*i**3 + 159*i**2 + 225*i + 1464. Calculate n(81).
6
Let t(n) = -32*n**2 - 13394*n + 46399. Determine t(-422).
-21
Let o(f) = -f**3 + 63*f**2 + 244*f - 3019. What is o(66)?
17
Let w(i) = 10483*i - 73306. Give w(7).
75
Let i(r) = 5*r**2 - 65*r + 204. Calculate i(10).
54
Let b(m) = m**3 - 24*m**2 + 114*m + 265. Determine b(7).
230
Let x(n) = -16214*n + 145438. Determine x(9).
-488
Let z(n) = n**3 - 45*n**2 + 352*n + 344. Calculate z(12).
-184
Let a(f) = f**2 - 264*f + 9351. Give a(41).
208
Let g(d) = 2*d**3 - 9*d**2 + 161746*d - 646980. Determine g(4).
-12
Let x(b) = -545*b**3 + 231081*b**2 - 430*b + 2547. Calculate x(424).
3
Let b(q) = -7*q**3 - 25*q**2 + 4*q + 25. Calculate b(-3).
-23
Let j(h) = -204*h**2 - 5293*h + 298. What is j(-26)?
12
Let q(j) = 16*j**3 - 179*j**2 + 61*j - 354. What is q(11)?
-46
Let q(o) = 3*o**3 + 514*o**2 - 387*o - 7734. Calculate q(-172).
-338
Let a(t) = -18552*t + 5806780. What is a(313)?
4
Let j(q) = -126*q - 24194. What is j(-191)?
-128
Let o(s) = 313*s + 7557. Determine o(-33).
-2772
Let y(t) = 406671*t + 10573430. Calculate y(-26).
-16
Let o(j) = -j**3 + 29*j**2 - 935*j + 1785. Determine o(2).
23
Let n(l) = 16*l**2 + 392*l - 3951. Calculate n(-32).
-111
Let l(q) = -q**2 + 603*q - 83426. What is l(215)?
-6
Let q(k) = -k**3 - 109*k**2 - 70*k - 19985. Determine q(-110).
-185
Let u(g) = 10*g**3 + 23*g**2 - 83*g - 156. What is u(-2)?
22
Let b(y) = -y**2 + 26*y + 431. Calculate b(40).
-129
Let z(q) = -595*q + 3836. What is z(6)?
266
Let i(k) = 53*k**3 - 13*k**2 - 16*k + 27. Calculate i(2).
367
Let i(y) = 25763*y + 257681. Give i(-10).
51
Let i(s) = 1069*s**2 + 8906*s - 1. What is i(-8)?
-2833
Let v(o) = -8*o**2 - 369*o - 2263. What is v(-6)?
-337
Let d(v) = 594*v**2 + 204*v - 19. What is d(-1)?
371
Let u(l) = -4*l**2 - 1380*l + 8441. Calculate u(6).
17
Let o(a) = -8*a**2 - 567*a - 3573. What is o(-7)?
4
Let u(a) = -7*a**3 - 22*a**2 + 11995*a - 82. Determine u(-43).
4
Let p(b) = 106*b - 2002. Calculate p(7).
-1260
Let l(m) = 105*m**2 - 1003*m - 453. Determine l(10).
17
Let z(b) = -10139*b + 60929. Give z(6).
95
Let p(t) = -t**3 + 21*t**2 - 232*t + 1397. Give p(11).
55
Let d(c) = 14*c**3 + 57*c**2 + 203*c + 10. Calculate d(-5).
-1330
Let i(q) = -21*q**3 + 1679*q**2 + 114*q - 2720. Give i(80).
0
Let l(b) = -3251*b + 32547. Give l(10).
37
Let k(f) = 75418*f + 603344. Give k(-8).
0
Let r(l) = -11328*l - 102013. Give r(-9).
-61
Let u(i) = i**3 - 338*i**2 - 987*i - 12263. Give u(341).
13
Let n(k) = -26*k**2 - 59*k + 218. What is n(2)?
-4
Let n(j) = 5*j**2 - 132*j + 268. Calculate n(25).
93
Let s(r) = 4*r**2 + 87*r + 732. What is s(-9)?
273
Let a(v) = -v**3 + 63*v**2 + 84*v - 1078. Calculate a(64).
202
Let y(t) = -33505*t - 603085. Calculate y(-18).
5
Let q(v) = -v**3 + 376*v**2 + 308*v + 25972. What is q(377)?
-41
Let j(d) = 1266*d + 20973. Calculate j(-17).
-549
Let r(v) = v**3 + 24*v**2 - 705*v - 334. Determine r(-41).
-6
Let f(p) = -10*p**2 + 831*p - 938. What is f(82)?
-36
Let a(j) = -271*j + 60258. What is a(223)?
-175
Let v(f) = 11238*f + 56101. What is v(-5)?
-89
Let g(m) = 30760*m - 212. Determine g(0).
-212
Let c(j) = j**2 - 473*j - 7753. Determine c(-16).
71
Let t(q) = -81*q + 1634. Determine t(21).
-67
Let h(o) = 3*o**2 - 2528*o + 353468. Determine h(177).
-1
Let i(h) = -22*h**2 - 1485*h + 10360. Give i(7).
-1113
Let x(d) = -2*d**2 - 530*d + 10764. Give x(-284).
-28
Let a(t) = t**3 + 2*t**2 - 145*t - 206. Calculate a(-12).
94
Let b(w) = w**2 + 103*w + 3240. Give b(-70).
930
Let u(j) = 7*j**2 + 45*j - 607. Give u(14).
1395
Let b(y) = -y**2 + 1843*y + 46712. Calculate b(-25).
12
Let x(z) = -2*z**3 + 146*z**2 + 377*z - 231. What is x(-3)?
6
Let f(d) = -2*d**3 - 16*d**2 + 30*d + 754. Give f(-8).
514
Let k(x) = -x**3 - 47*x**2 - 27*x + 306. Determine k(-46).
-568
Let q(k) = -k**3 - 284*k**2 - 13253*k + 4954. What is q(-225)?
4
Let t(q) = 3*q**2 + 5504*q - 388174. What is t(68)?
-30
Let f(t) = -2871*t + 1082325. What is f(377)?
-42
Let b(m) = -260*m + 3753. Determine b(16).
-407
Let i(x) = -8*x - 1592. Give i(-171).
-224
Let y(n) = -1513*n + 22112. Give y(16).
-2096
Let d(g) = -9*g**3 - 3245*g**2 - 3250*g - 9. What is d(-1)?
5
Let n(s) = -s**3 + 290*s**2 + 3396*s + 908. Give n(-11).
-27
Let d(o) = 1842658*o + 18426547. Give d(-10).
-33
Let n(y) = -18485*y - 8614000. What is n(-466)?
10
Let g(a) = 3*a**3 + 44*a**2 - 882*a + 382. Give g(11).
-3
Let i(z) = 102